22
Calculate the remainder when 50004 is divided by 28.
24
What is the remainder when 117161 is divided by 176?
121
Calculate the remainder when 11807 is divided by 403.
120
What is the remainder when 562512 is divided by 562490?
22
What is the remainder when 1690 is divided by 1644?
46
What is the remainder when 3586 is divided by 862?
138
What is the remainder when 839 is divided by 811?
28
What is the remainder when 245774 is divided by 113?
112
Calculate the remainder when 577848 is divided by 1670.
28
What is the remainder when 20062 is divided by 44?
42
Calculate the remainder when 32324 is divided by 2020.
4
What is the remainder when 836841 is divided by 278937?
30
What is the remainder when 8483 is divided by 2708?
359
What is the remainder when 2212 is divided by 317?
310
What is the remainder when 512898 is divided by 223?
221
Calculate the remainder when 11820 is divided by 518.
424
Calculate the remainder when 255370 is divided by 47.
19
What is the remainder when 59446 is divided by 1351?
2
What is the remainder when 13490 is divided by 4487?
29
Calculate the remainder when 35716 is divided by 35710.
6
What is the remainder when 4881 is divided by 213?
195
Calculate the remainder when 6342 is divided by 649.
501
Calculate the remainder when 8428 is divided by 308.
112
Calculate the remainder when 1962 is divided by 907.
148
What is the remainder when 22101 is divided by 86?
85
Calculate the remainder when 1193 is divided by 594.
5
Calculate the remainder when 10348 is divided by 1720.
28
Calculate the remainder when 414639 is divided by 17.
9
Calculate the remainder when 14808 is divided by 93.
21
What is the remainder when 1364263 is divided by 427?
425
What is the remainder when 15315 is divided by 4678?
1281
Calculate the remainder when 1452122 is divided by 184.
178
Calculate the remainder when 13061 is divided by 13060.
1
Calculate the remainder when 60275 is divided by 30070.
135
What is the remainder when 3084 is divided by 341?
15
Calculate the remainder when 87486 is divided by 65.
61
Calculate the remainder when 11107 is divided by 555.
7
What is the remainder when 37069 is divided by 7399?
74
Calculate the remainder when 311882 is divided by 727.
726
What is the remainder when 21163 is divided by 59?
41
Calculate the remainder when 439 is divided by 86.
9
Calculate the remainder when 8336 is divided by 8293.
43
Calculate the remainder when 6986 is divided by 1394.
16
What is the remainder when 6336 is divided by 1860?
756
Calculate the remainder when 3714 is divided by 61.
54
What is the remainder when 75648 is divided by 196?
188
What is the remainder when 1020 is divided by 35?
5
Calculate the remainder when 9223 is divided by 45.
43
What is the remainder when 219934 is divided by 554?
550
What is the remainder when 1781 is divided by 576?
53
Calculate the remainder when 15215 is divided by 895.
0
What is the remainder when 81656 is divided by 43?
42
Calculate the remainder when 2030 is divided by 16.
14
Calculate the remainder when 7436 is divided by 80.
76
Calculate the remainder when 224599 is divided by 40.
39
Calculate the remainder when 421502 is divided by 12.
2
What is the remainder when 53629 is divided by 26755?
119
Calculate the remainder when 11969 is divided by 650.
269
Calculate the remainder when 17134 is divided by 745.
744
What is the remainder when 8444 is divided by 2749?
197
What is the remainder when 1130 is divided by 153?
59
Calculate the remainder when 8757 is divided by 1568.
917
Calculate the remainder when 3600 is divided by 1454.
692
What is the remainder when 33788 is divided by 60?
8
Calculate the remainder when 7663 is divided by 219.
217
Calculate the remainder when 15734 is divided by 103.
78
Calculate the remainder when 1504 is divided by 67.
30
Calculate the remainder when 4802 is divided by 1841.
1120
What is the remainder when 3403 is divided by 29?
10
Calculate the remainder when 962 is divided by 93.
32
What is the remainder when 36878 is divided by 30?
8
What is the remainder when 1862 is divided by 236?
210
Calculate the remainder when 361011 is divided by 981.
3
What is the remainder when 779 is divided by 413?
366
What is the remainder when 5072 is divided by 2510?
52
What is the remainder when 43684 is divided by 728?
4
Calculate the remainder when 15959 is divided by 81.
2
What is the remainder when 55041 is divided by 396?
393
What is the remainder when 49305 is divided by 158?
9
Calculate the remainder when 3073 is divided by 102.
13
What is the remainder when 8348 is divided by 171?
140
Calculate the remainder when 5163 is divided by 15.
3
What is the remainder when 279257 is divided by 193?
179
Calculate the remainder when 12319 is divided by 505.
199
Calculate the remainder when 39304 is divided by 117.
109
Calculate the remainder when 4912 is divided by 209.
105
Calculate the remainder when 3020 is divided by 503.
2
Calculate the remainder when 412326 is divided by 17.
8
What is the remainder when 2729 is divided by 1109?
511
What is the remainder when 130827 is divided by 442?
437
Calculate the remainder when 1179 is divided by 597.
582
Calculate the remainder when 7764 is divided by 32.
20
What is the remainder when 49034 is divided by 41?
39
Calculate the remainder when 381595 is divided by 60.
55
What is the remainder when 19535803 is divided by 17?
15
What is the remainder when 38428 is divided by 1219?
639
What is the remainder when 214626 is divided by 130?
126
Calculate the remainder when 2035 is divided by 294.
271
Calculate the remainder when 10365 is divided by 1496.
1389
What is the remainder when 829768 is divided by 43?
40
Calculate the remainder when 8360 is divided by 8357.
3
Calculate the remainder when 49753 is divided by 53.
39
What is the remainder when 762 is divided by 159?
126
What is the remainder when 966 is divided by 84?
42
Calculate the remainder when 36165 is divided by 12046.
27
What is the remainder when 40630 is divided by 170?
0
Calculate the remainder when 6553 is divided by 15.
13
What is the remainder when 7088 is divided by 2068?
884
What is the remainder when 119558 is divided by 467?
6
What is the remainder when 48472 is divided by 101?
93
What is the remainder when 175629 is divided by 175618?
11
Calculate the remainder when 1331469 is divided by 34140.
9
Calculate the remainder when 36492 is divided by 474.
468
Calculate the remainder when 54001 is divided by 35.
31
Calculate the remainder when 35615 is divided by 53.
52
What is the remainder when 6087 is divided by 5801?
286
Calculate the remainder when 635 is divided by 125.
10
What is the remainder when 100298 is divided by 55?
33
What is the remainder when 28569 is divided by 2856?
9
Calculate the remainder when 127902 is divided by 16.
14
Calculate the remainder when 128800 is divided by 1840.
0
What is the remainder when 1862 is divided by 159?
113
Calculate the remainder when 9594 is divided by 480.
474
What is the remainder when 22216 is divided by 22196?
20
Calculate the remainder when 4968 is divided by 2470.
28
Calculate the remainder when 5357 is divided by 2654.
49
Calculate the remainder when 12853 is divided by 6411.
31
What is the remainder when 6219 is divided by 75?
69
What is the remainder when 14612 is divided by 6?
2
What is the remainder when 1653116 is divided by 127162?
10
What is the remainder when 108718 is divided by 1812?
1810
What is the remainder when 3262 is divided by 62?
38
What is the remainder when 5269 is divided by 313?
261
Calculate the remainder when 187791 is divided by 44.
43
What is the remainder when 12269 is divided by 558?
551
Calculate the remainder when 17249 is divided by 115.
114
What is the remainder when 83074 is divided by 84?
82
What is the remainder when 268148 is divided by 10?
8
What is the remainder when 1747325 is divided by 36?
29
Calculate the remainder when 823202 is divided by 60.
2
What is the remainder when 3642 is divided by 393?
105
Calculate the remainder when 303302 is divided by 167.
30
What is the remainder when 144993 is divided by 78?
69
Calculate the remainder when 107350 is divided by 10717.
180
Calculate the remainder when 13525 is divided by 54.
25
What is the remainder when 2303 is divided by 115